.
11, 9964631
List the prime factors of 67214345.
5, 11, 17, 71887
List the prime factors of 2438104371.
3, 12619, 64403
What are the prime factors of 2421269149?
13, 17, 463, 23663
List the prime factors of 13179817.
7, 307, 6133
List the prime factors of 313159.
7, 11, 83
List the prime factors of 690041703.
3, 13, 1361029
What are the prime factors of 7109472819?
3, 4409, 537497
What are the prime factors of 41027520?
2, 3, 5, 42737
What are the prime factors of 89687380?
2, 5, 109, 41141
List the prime factors of 39101941.
39101941
List the prime factors of 979269751.
17, 2333, 24691
What are the prime factors of 412471214?
2, 271, 311, 2447
What are the prime factors of 26932119?
3, 379, 23687
What are the prime factors of 9882940?
2, 5, 494147
What are the prime factors of 110656386?
2, 3, 6147577
What are the prime factors of 71065523?
3527, 20149
What are the prime factors of 1947941385?
3, 5, 13, 1433, 6971
List the prime factors of 1928176868.
2, 10709, 45013
What are the prime factors of 1423410219?
3, 7, 11, 29, 23609
What are the prime factors of 2259336101?
11, 13457, 15263
What are the prime factors of 49861223?
3967, 12569
List the prime factors of 305558166.
2, 3, 383, 132967
List the prime factors of 451618504.
2, 71, 795103
What are the prime factors of 747597750?
2, 3, 5, 19, 23, 2281
List the prime factors of 59579815.
5, 17, 113, 6203
What are the prime factors of 25187806?
2, 7, 19, 23, 179
List the prime factors of 657342988.
2, 137, 631, 1901
List the prime factors of 35195507.
41, 858427
What are the prime factors of 388570139?
17, 233, 263, 373
List the prime factors of 4570241.
13, 19, 18503
List the prime factors of 1865064336.
2, 3, 313, 124139
What are the prime factors of 58987016?
2, 11, 60937
What are the prime factors of 306843255?
3, 5, 19, 119627
List the prime factors of 352620528.
2, 3, 13, 17, 2557
List the prime factors of 15661559.
2039, 7681
What are the prime factors of 279288964?
2, 67, 1042123
What are the prime factors of 192218485?
5, 47, 817951
What are the prime factors of 10149589?
10149589
What are the prime factors of 331713977?
7, 29, 233437
List the prime factors of 1042653479.
7, 3491, 42667
List the prime factors of 24362624.
2, 11, 13
What are the prime factors of 1163526412?
2, 290881603
List the prime factors of 3139340002.
2, 173, 263, 34499
What are the prime factors of 3369192673?
7, 11, 523, 83663
What are the prime factors of 142488191?
3943, 36137
What are the prime factors of 28583279?
643, 44453
What are the prime factors of 64767920?
2, 5, 7, 115657
List the prime factors of 331386494.
2, 157, 1055371
What are the prime factors of 1437996343?
7, 109, 1231, 1531
What are the prime factors of 184967938?
2, 92483969
What are the prime factors of 95761168?
2, 5985073
What are the prime factors of 66377330?
2, 5, 113, 58741
What are the prime factors of 33042481?
173, 190997
What are the prime factors of 76813995?
3, 5, 1447, 3539
What are the prime factors of 480222066?
2, 3, 1627, 49193
What are the prime factors of 1185369829?
7, 17, 67, 317
List the prime factors of 69078977.
11, 6279907
List the prime factors of 121435404.
2, 3, 47, 139, 1549
What are the prime factors of 228558775?
5, 67, 136453
List the prime factors of 1146809.
1146809
List the prime factors of 10554969.
3, 3518323
What are the prime factors of 100822877?
1013, 99529
List the prime factors of 850472352.
2, 3, 31, 113, 281
List the prime factors of 1223569445.
5, 7, 103, 48487
List the prime factors of 14310933.
3, 7, 13, 19, 31, 89
List the prime factors of 1286997897.
3, 1163, 368873
List the prime factors of 1052361669.
3, 1237, 283579
List the prime factors of 1138849755.
3, 5, 75923317
List the prime factors of 391488865.
5, 23, 3404251
What are the prime factors of 2347530104?
2, 19, 15444277
List the prime factors of 1385441915.
5, 11, 13, 23, 84247
What are the prime factors of 333357602?
2, 2153, 77417
List the prime factors of 47245281.
3, 131, 239, 503
What are the prime factors of 22506795?
3, 5, 293, 569
List the prime factors of 566407004.
2, 29, 4882819
List the prime factors of 1256290994.
2, 7, 353, 254207
What are the prime factors of 1318118077?
11243, 117239
What are the prime factors of 104052920?
2, 5, 17, 23, 6653
What are the prime factors of 1041490275?
3, 5, 7, 173, 11467
List the prime factors of 3196725510.
2, 3, 5, 11, 103, 94049
List the prime factors of 68781875.
5, 110051
List the prime factors of 33253517.
11, 29, 104243
List the prime factors of 582213442.
2, 5347, 54443
List the prime factors of 5681242263.
3, 283, 6691687
What are the prime factors of 192328849?
19, 37, 59, 4637
What are the prime factors of 44337001?
199, 222799
List the prime factors of 700735339.
700735339
What are the prime factors of 116210687?
41, 163, 17389
What are the prime factors of 950080609?
113, 373, 22541
What are the prime factors of 52152545?
5, 179, 58271
List the prime factors of 234823104.
2, 3, 135893
What are the prime factors of 345302031?
3, 2593, 44389
List the prime factors of 657276529.
7, 13, 47, 239, 643
List the prime factors of 37884427.
7, 23, 235307
What are the prime factors of 23826390?
2, 3, 5, 7, 23, 4933
What are the prime factors of 218285172?
2, 3, 7, 173, 1669
List the prime factors of 92999492.
2, 71, 327463
What are the prime factors of 204715048?
2, 25589381
List the prime factors of 108396374.
2, 29, 41, 79, 577
What are the prime factors of 2729423808?
2, 3, 4738583
What are the prime factors of 8793387?
3, 325681
List the prime factors of 3592271950.
2, 5, 613, 117203
List the prime factors of 464344197.
3, 154781399
What are the prime factors of 33538742?
2, 2027, 8273
What are the prime factors of 1257442763?
79, 3467, 4591
List the prime factors of 1561803294.
2, 3, 17, 29, 527993
What are the prime factors of 891621683?
19, 157, 499, 599
List the prime factors of 34350781.
34350781
What are the prime factors of 11189948?
2, 7, 11, 47, 773
List the prime factors of 443041067.
7, 6091, 10391
List the prime factors of 236540350.
2, 5, 4730807
List the prime factors of 3772877320.
2, 5, 17, 31, 89, 2011
List the prime factors of 1852727618.
2, 7, 9091, 14557
List the prime factors of 1480894.
2, 331, 2237
List the prime factors of 28231178.
2, 139, 173, 587
List the prime factors of 99447578.
2, 743, 66923
List the prime factors of 6191836.
2, 7, 4513
List the prime factors of 299788726.
2, 19, 37, 79, 2699
List the prime factors of 3495173705.
5, 5717, 122273
What are the prime factors of 147824749?
23, 373, 17231
List the prime factors of 73959016.
2, 9244877
List the prime factors of 1279734947.
37, 137, 252463
List the prime factors of 72080787.
3, 24026929
List the prime factors of 68833557.
3, 13, 131, 499
What are the prime factors of 1472548378?
2, 7, 67, 71, 22111
What are the prime factors of 308117094?
2, 3, 613, 83773
What are the prime factors of 21585145?
5, 31, 157, 887
What are the prime factors of 730571?
730571
What are the prime factors of 99796991?
7, 14256713
What are the prime factors of 86149965?
3, 5, 11, 17, 30713
What are the prime factors of 5641040540?
2, 5, 282052027
List the prime factors of 157506595.
5, 37, 851387
What are the prime factors of 4179177173?
9311, 448843
What are the prime factors of 230005886?
2, 11, 17, 101, 6089
List the prime factors of 116614690.
2, 5, 877, 13297
What are the prime factors of 12531047?
61, 205427
List the prime factors of 1216054471.
1216054471
List the prime factors of 493389523.
11, 79, 567767
List the prime factors of 1573985058.
2, 3, 262330843
What are the prime factors of 52056689?
52056689
List the prime factors of 149587143.
3, 49862381
List the prime factors of 24890875.
5, 107, 1861
List the prime factors of 120873607.
6449, 18743
What are the prime factors of 124222232?
2, 281, 55259
What are the prime factors of 7574898?
2, 3, 1262483
List the prime factors of 448359599.
37, 1549, 7823
List the prime factors of 257685819.
3, 47, 67, 27277
List the prime factors of 48483135.
3, 5, 37, 787
What are the prime factors of 57289034?
2, 11, 181, 14387
What are the prime factors of 63781965?
3, 5, 13, 36343
What are the prime factors of 50948880?
2, 3, 5, 19, 11173
What are the prime